/(-10)))/((-3)/(-36)) is divided by q.
10
Suppose 3*h = -4*v + 970, -85*v + 82*v = 5*h - 733. Suppose 13*w = 630 + v. Suppose -6*m + 2*m = -68. Calculate the remainder when w is divided by m.
16
Suppose -4*n + 4 = 4*h - 4, n + 3*h + 2 = 0. Suppose -n*k + 55 = -69. Calculate the remainder when 182 is divided by k.
27
Let q = 2834 - 2820. What is the remainder when 1123 is divided by q?
3
Suppose -125*z + 15*z + 330 = -5280. What is the remainder when 542 is divided by z?
32
Suppose 343 = -6*q - 89. Let w = q - -185. What is the remainder when w is divided by 38?
37
Let y(a) = a**2 + 101*a - 110. Calculate the remainder when y(-112) is divided by 36.
6
Let i = 30 - 10. Calculate the remainder when i is divided by 17 + 35/((-14)/2).
8
Suppose 4*f = -p - 202, 2*f + 130 - 20 = -5*p. Let v(x) = 16*x - 192. Let a be v(10). Let n = a - f. Calculate the remainder when 68 is divided by n.
14
Suppose 1098 = -7*d + 7076. Suppose -16*n + d = -9*n. What is the remainder when n is divided by 47?
28
Let u = 38 - 27. Suppose -8*g = -3*g. Suppose g = 2*i - i - 4, 16 = j - i. Calculate the remainder when j is divided by u.
9
Suppose 14*w = 9*w + 10. Suppose 7*a - 3*a + 124 = 4*v, -2*v = w*a - 54. What is the remainder when 374 is divided by v?
26
Let d(o) = -o**3 - 9*o**2 + 8*o - 11. Let s be d(-10). What is the remainder when 24 is divided by -1*(2 + -4)*s?
6
Let x(b) = 6*b + 5. Let w(l) = -8*l + 34. Let f(d) = 7*d - 33. Let g(o) = 7*f(o) + 6*w(o). What is the remainder when x(5) is divided by g(39)?
11
Let r = 2771 - 1860. Let g = 1008 - r. What is the remainder when g is divided by 27?
16
Let i = 2940 - 2750. Calculate the remainder when 403 is divided by i.
23
Calculate the remainder when 3500/280*16820/25 is divided by 33.
28
Suppose 2*y = -2*y + 76. Suppose 58*f = -352*f + 21730. What is the remainder when f is divided by y?
15
Calculate the remainder when 10/(-6) - 23828/(-111) is divided by 69.
6
Let j = 35450 + -34880. What is the remainder when j is divided by 46?
18
Let z(p) = -p**3 - 62*p**2 + 253*p - 111. Calculate the remainder when z(-66) is divided by 315.
300
Suppose 35*y - 3118 = 767. What is the remainder when y is divided by 29?
24
Let a(k) = 2*k + 28. Let v be a(-12). What is the remainder when 69 is divided by -4*2/v + 1 + 8?
6
Let a be 4 + -4 - (6 + -3 + -9). Suppose 163 = a*t + 37. What is the remainder when 28 is divided by t?
7
What is the remainder when 113 is divided by (306/(-408))/(2/(-8)) + 81?
29
Let z(g) = -g**3 + 6*g**2 + 16*g + 10. Let o(i) = i**3 - 9*i**2 + 2*i + 21. Let l be (18/5)/(12/30). Calculate the remainder when o(l) is divided by z(8).
9
Suppose y - 11410 = -13*y. Calculate the remainder when 62 is divided by (4/16)/(y/(-136) + 6).
28
Let s(z) = -4 - 6 - 1 - 5*z + 1. Let h be s(-3). Suppose -7*j + 180 = h. Calculate the remainder when j is divided by 9.
7
Let r(c) = 137*c - 3391. What is the remainder when 86 is divided by r(25)?
18
Suppose -3*v - 19 = -28. Let i(n) = -5*n - 2*n + 4 + 16 + v*n. What is the remainder when i(4) is divided by 1?
0
What is the remainder when 5021 is divided by 1/5 - (12/((-132)/(-979)))/(-5)?
17
Suppose -2*g + 51*i - 54*i = -5312, -g - 5*i = -2677. What is the remainder when g is divided by 26?
21
Let h = 33968 - 33960. Calculate the remainder when (-2)/((-4)/(-21))*-8 is divided by h.
4
Let a(x) = 17*x**2 + 274*x + 55. Suppose -m + 8 = m. Suppose -12 = m*w, 14 + 48 = 5*u + w. Calculate the remainder when a(-16) is divided by u.
10
Let a = 434 + -302. Suppose -72 = -12*v + a. Calculate the remainder when 185 is divided by v.
15
Let u = 2225 - -8470. What is the remainder when u is divided by 3564?
3
Let n = -165053 - -165141. Suppose 7 = -x + 2*x. Calculate the remainder when n is divided by x.
4
Let h(o) = o**3 - 6*o**2 - o - 7. Let c = -6869 + 6938. What is the remainder when c is divided by h(7)?
34
Let l be ((-16)/14)/(18/(-63)). Let k(x) = -4*x**2 + 8*x - 14. Let p be k(l). What is the remainder when 3/((-6)/p) - 0 is divided by 17?
6
Suppose 4*x - 28 = -16, 5*b = 2*x + 1614. Calculate the remainder when b is divided by 56.
44
Suppose 12*h - 6*h - 30 = 0. Suppose -14*n = -9*n - h. Calculate the remainder when 30 is divided by (-7 - -8) + n/(1/10).
8
Let i(h) be the third derivative of -11*h**4/24 + 19*h**3/3 - 27*h**2. Calculate the remainder when 42 is divided by i(3).
2
Suppose -1132 = -7*j - 292. What is the remainder when j is divided by 40/(-18) + 2 - 10959/(-351)?
27
Suppose 0 = 5*h - 45, -5*c + 7*h = 4*h - 3653. What is the remainder when c is divided by 123?
121
Suppose 3*o - 534 = -3*m, 332 = 2*m + 174*o - 178*o. What is the remainder when 692 is divided by m?
170
Suppose 140640 = -126*f + 146*f. What is the remainder when f is divided by 69?
63
What is the remainder when (546/(-49))/(18/(-252)) is divided by 13?
0
Let j(z) = -39*z**2 - 91*z - 1. What is the remainder when 3146 is divided by j(-2)?
21
Let w(o) = 28*o - 80. Let a(b) = b**2 - 5*b - 25. Let h be a(-4). Suppose 30 = 2*c - 12. What is the remainder when w(h) is divided by c?
18
Let b(f) = 34*f**2 + 3*f - 2. What is the remainder when b(3) is divided by (-459)/(-17)*28/12?
61
Suppose -l + 22 = -2*y, 3*l - 378*y + 380*y = 42. What is the remainder when 509 is divided by l?
13
Let f(l) = -3*l - 79. Let m be f(-27). Suppose -306 = m*j - 19*j. Calculate the remainder when j is divided by 3.
0
Suppose -128 = -2*t + 2*r - 6*r, 0 = 2*t - 3*r - 135. Let q(i) = -10 + 12 + 8*i + 0 - i**2. What is the remainder when t is divided by q(4)?
12
Suppose 3*l - 5*h - 649 = -3*h, 235 = l - 3*h. Calculate the remainder when 1898 is divided by l.
210
Let x(y) = 3*y**2 + 67*y - 92. What is the remainder when 69 is divided by x(-24)?
13
Suppose f = -f + 162. Suppose 5*o + 78 = z, 5*o - 3*z + 3 = -f. Let t = 20 + o. What is the remainder when 24 is divided by t?
4
Suppose 13*f = 16*f + 2070. Calculate the remainder when f/(-4)*((-72)/40 + 3) is divided by 21.
18
Calculate the remainder when 39 is divided by (20 + -13)*3 - 13.
7
Suppose -3*y = -4*q + 7 + 3, -2*q + 5*y = 2. Suppose -h = -q*h + 45. Let b = -654 - -662. Calculate the remainder when h is divided by b.
7
Let i(j) be the second derivative of -j**3/6 + 59*j**2/2 - 3*j. What is the remainder when i(0) is divided by 465/35 - 1062/826?
11
Let g = 33 - 0. Calculate the remainder when (4 - 14)*(2 - 108/5) is divided by g.
31
Suppose 0*b - 9*b = 45. Let w = b - -31. Suppose -w = -9*j + 7*j. Calculate the remainder when 61 is divided by j.
9
Let t(z) be the first derivative of -7*z**2 + 7*z + 63. Calculate the remainder when 36 is divided by t(-1).
15
Let v be (-3 + (-1)/(-1))*-18. Let l = v + -36. Suppose l = i - 13 + 2. Calculate the remainder when 20 is divided by i.
9
What is the remainder when 5763 is divided by (-4)/(-8) - 3895/(-30) - (-6)/9?
130
Let i(t) = 34 + 165*t - 194*t - 169*t. Calculate the remainder when i(-4) is divided by 12.
10
Let n = -267 - -569. Let f = 316 - n. Calculate the remainder when 25 is divided by f.
11
Suppose -4209 + 21721 = 11*o. Calculate the remainder when o is divided by 38.
34
Let y = -18636 - -19105. What is the remainder when y is divided by 154?
7
Suppose -5*i + 7 = -3, 4*i = -5*a - 187. What is the remainder when 76 is divided by (1 - (-5)/(-3))*a?
24
Suppose -2*j = 3*j + 5*n - 15, -j - 3*n + 3 = 0. Suppose j*m - 6 = 3, y + m = 60. Calculate the remainder when y is divided by 15.
12
Suppose 4*w = -3*w + 28. Suppose 5*c + w = 2*f - 4, 5*c = 5*f - 5. Calculate the remainder when 62 is divided by -3 + f + 38 + -18.
14
Let b = -9511 - -10035. Calculate the remainder when b is divided by 82.
32
Let v(c) = 16*c + 3797. Calculate the remainder when v(-85) is divided by 66.
61
Let r(y) = 23*y + 3. Suppose 12*z + d = 17*z + 770, 0 = d. Let j = 173 + z. Calculate the remainder when r(3) is divided by j.
15
What is the remainder when (108/(-24)*(-11226)/36)/((-3)/(-4)) is divided by 144?
143
Let t(w) = -w**2 + 15*w + 167. Calculate the remainder when 3767 is divided by t(-7).
10
Let r be (-5)/5*(21 - 1). What is the remainder when 112 + -4*(-15)/r*2 is divided by 58?
48
Let y = 60 + -58. Suppose -b - 14 + y = 5*z, -2*b - 3 = 3*z. Let k = 20 + z. What is the remainder when k is divided by 7?
3
Let b = 64681 + -64642. Suppose -10 - 2 = -3*m. Calculate